{"id":578,"date":"2024-10-20T17:43:27","date_gmt":"2024-10-20T15:43:27","guid":{"rendered":"https:\/\/ihmezentrum.info\/?page_id=578"},"modified":"2024-10-20T17:43:28","modified_gmt":"2024-10-20T15:43:28","slug":"die-raeume","status":"publish","type":"page","link":"https:\/\/ihmezentrum.info\/?page_id=578","title":{"rendered":"Die R\u00e4ume"},"content":{"rendered":"\n<p>Ob Seminar, Workshop, Ausstellung, Lesung, Theater, Konzert oder Kinoabend: Der gro\u00dfz\u00fcgige Veranstaltungsraum ist bestuhlt f\u00fcr bis zu 80, unbestuhlt f\u00fcr bis zu 120 Personen ausgelegt und verf\u00fcgt \u00fcber Projektions- und Lichttechnik, eine Beschallungsanlage, WLAN, eine Bewirtungsecke und zwei Toiletten. Barrierefreie Nutzung m\u00f6glich.<\/p>\n\n\n\n<p>F\u00fcr alle weiteren Details, freie Termine und Mietpreise kontaktieren Sie uns bitte via raum@ihmezentrum.info. <\/p>\n\n\n\n<figure class=\"wp-block-image size-full\"><img loading=\"lazy\" decoding=\"async\" width=\"480\" height=\"480\" src=\"https:\/\/ihmezentrum.info\/wp-content\/uploads\/2024\/10\/DSCN3595.jpeg\" alt=\"\" class=\"wp-image-579\" srcset=\"https:\/\/ihmezentrum.info\/wp-content\/uploads\/2024\/10\/DSCN3595.jpeg 480w, https:\/\/ihmezentrum.info\/wp-content\/uploads\/2024\/10\/DSCN3595-300x300.jpeg 300w, https:\/\/ihmezentrum.info\/wp-content\/uploads\/2024\/10\/DSCN3595-150x150.jpeg 150w\" sizes=\"auto, (max-width: 480px) 100vw, 480px\" \/><\/figure>\n\n\n\n<figure class=\"wp-block-image size-full\"><img loading=\"lazy\" decoding=\"async\" width=\"2560\" height=\"1920\" src=\"https:\/\/ihmezentrum.info\/wp-content\/uploads\/2024\/10\/DSCN3848-scaled.jpg\" alt=\"\" class=\"wp-image-580\" srcset=\"https:\/\/ihmezentrum.info\/wp-content\/uploads\/2024\/10\/DSCN3848-scaled.jpg 2560w, https:\/\/ihmezentrum.info\/wp-content\/uploads\/2024\/10\/DSCN3848-300x225.jpg 300w, https:\/\/ihmezentrum.info\/wp-content\/uploads\/2024\/10\/DSCN3848-1024x768.jpg 1024w, https:\/\/ihmezentrum.info\/wp-content\/uploads\/2024\/10\/DSCN3848-768x576.jpg 768w, https:\/\/ihmezentrum.info\/wp-content\/uploads\/2024\/10\/DSCN3848-1536x1152.jpg 1536w, https:\/\/ihmezentrum.info\/wp-content\/uploads\/2024\/10\/DSCN3848-2048x1536.jpg 2048w\" sizes=\"auto, (max-width: 2560px) 100vw, 2560px\" \/><\/figure>\n","protected":false},"excerpt":{"rendered":"<p>Ob Seminar, Workshop, Ausstellung, Lesung, Theater, Konzert oder Kinoabend: Der gro\u00dfz\u00fcgige Veranstaltungsraum ist bestuhlt f\u00fcr bis zu 80, unbestuhlt f\u00fcr bis zu 120 Personen ausgelegt und verf\u00fcgt \u00fcber Projektions- und Lichttechnik, eine Beschallungsanlage, WLAN, eine Bewirtungsecke und zwei Toiletten. Barrierefreie Nutzung m\u00f6glich. F\u00fcr alle weiteren Details, freie Termine und Mietpreise kontaktieren Sie uns bitte via [&hellip;]<\/p>\n","protected":false},"author":1,"featured_media":0,"parent":0,"menu_order":0,"comment_status":"closed","ping_status":"closed","template":"","meta":{"footnotes":""},"class_list":["post-578","page","type-page","status-publish","hentry"],"_links":{"self":[{"href":"https:\/\/ihmezentrum.info\/index.php?rest_route=\/wp\/v2\/pages\/578","targetHints":{"allow":["GET"]}}],"collection":[{"href":"https:\/\/ihmezentrum.info\/index.php?rest_route=\/wp\/v2\/pages"}],"about":[{"href":"https:\/\/ihmezentrum.info\/index.php?rest_route=\/wp\/v2\/types\/page"}],"author":[{"embeddable":true,"href":"https:\/\/ihmezentrum.info\/index.php?rest_route=\/wp\/v2\/users\/1"}],"replies":[{"embeddable":true,"href":"https:\/\/ihmezentrum.info\/index.php?rest_route=%2Fwp%2Fv2%2Fcomments&post=578"}],"version-history":[{"count":1,"href":"https:\/\/ihmezentrum.info\/index.php?rest_route=\/wp\/v2\/pages\/578\/revisions"}],"predecessor-version":[{"id":581,"href":"https:\/\/ihmezentrum.info\/index.php?rest_route=\/wp\/v2\/pages\/578\/revisions\/581"}],"wp:attachment":[{"href":"https:\/\/ihmezentrum.info\/index.php?rest_route=%2Fwp%2Fv2%2Fmedia&parent=578"}],"curies":[{"name":"wp","href":"https:\/\/api.w.org\/{rel}","templated":true}]}}